{"id":486,"date":"2017-10-18T13:48:14","date_gmt":"2017-10-18T11:48:14","guid":{"rendered":"http:\/\/www.sabinezimmer.de\/?page_id=486"},"modified":"2020-10-09T11:16:13","modified_gmt":"2020-10-09T09:16:13","slug":"vita","status":"publish","type":"page","link":"https:\/\/www.sabinezimmer.de\/index.php\/vita\/","title":{"rendered":"Vita"},"content":{"rendered":"<p><span style=\"color: #999999;\">Im musikalischen Schaffen von Sabine Zimmer geht es immer um den einmaligen Moment \u2013\u00a0 im \u00fcberregional konzertierenden Improvisations-Ensemble \u201eTransformer\u201c oder der Duo-Formation \u201ePianoManie\u201c ebenso wie im \u201eBrandt-Zimmer-Duo\u201c der klassischen Kammermusikerin. Doch besonders ausgepr\u00e4gt kommt die Passion f\u00fcr die absolute Pr\u00e4senz im musikalischen Augenblick in ihren improvisierenden Stummfilm-Vertonungen zum Tragen: im Zusammenspiel mit bewegtem Licht auf der Leinwand. Deutschlandweit ist Sabine Zimmer auf diesem Gebiet als gefragte Spezialistin t\u00e4tig, u.a. beim Stummfilmfestival in Karlsruhe, in den Filmmuseen D\u00fcsseldorf, Potsdam und in Berlin.<\/span><\/p>\n<p>Aufgewachsen ist Sabine Zimmer in Torgau bei Leipzig. Da in ihrem Elternhaus wenig Bezug zur Musik gepflegt wurde, waren die ersten Ber\u00fchrungen mit der Welt der Kl\u00e4nge eindrucksvolle Erweckung, pr\u00e4gende Weichenstellung und Berufung zugleich. Begeistert singt schon die F\u00fcnfj\u00e4hrige als J\u00fcngste im Kinderrundfunkchor \u2013 und entdeckt in einer Dorfkirche beim Klang der Orgel ihre Bestimmung: mit einer Klaviatur die Welt zum Klingen bringen. Bei Georg Frackowiak erh\u00e4lt sie mit neun Jahren ersten Klavierunterricht, nimmt schon bald darauf an Wettbewerben teil und gewinnt erste Preise, u.a. \u201eJugend musiziert\u201c und der \u201eChopin-Werkstatt Leipzig. Bereits als Zw\u00f6lfj\u00e4hrige wird sie 1994 als Jungstudentin in die Nachwuchsf\u00f6rderklasse f\u00fcr Hochbegabte an der Leipziger \u201eHochschule f\u00fcr Musik und Theater Felix Mendelssohn-Bartholdy\u201c aufgenommen. Hier wird sie durch Prof. Gudrun Franke am Klavier und im Fach Klavierkammermusik gezielt gef\u00f6rdert.<\/p>\n<p>Gleichzeitig befasst sich Sabine Zimmer zunehmend mit Improviation\/Komposition und entwickelt im Wechselspiel zwischen klassischer Ausbildung und absoluter k\u00fcnstlerischer Freiheit ihre ganz pers\u00f6nliche Auffassung vom Klavierspiels als \u201eMusik-Machen\u201c: untrennbar eins mit Neugier, Hingabe an den musikalischen Augenblick und Leidenschaft f\u00fcr das \u00dcberraschende \u2013 \u201el\u2019impromptu\u201c \u2013 das aus dieser Hingabe entsteht. So konzertiert sie schon als Sechzehnj\u00e4hrige mit dem Ensemble \u201eImpuls\u201c auch mit eigenen Kompositionen, (Theatertage Leipzig 1998, Kulturfest Eisenach u.a.), und im Medium Film entdeckt die ambitionierte Nachwuchspianistin einen weiteren idealen Spielpartner: die laufenden Bilder. Angefangen mit \u201eNosferatu\u201c vertont sie schon als Teenager im KAP-Kino Torgau ihre ersten Stummfilme.<\/p>\n<p>Das ordentliche Musikstudium absolvierte Sabine Zimmer 2000-2006 an der Hochschule Felix Mendelssohn-Bartholdy sowie an der Universit\u00e4t f\u00fcr Musik und Darstellende Kunst in Wien (Kammermusik bei Marialena Fernandez und Avedis Koujoumdijaan; Liedbegleitung bei David Lutz). Wichtige Impulse erhielt sie au\u00dferdem von Karl-Peter Kammerlander (\u201eMeisterkurs Franz\u00f6sisches Lied\u201c) sowie 2005 im Kammermusik-Meisterkurs Br\u00fcnn. 2006 erlangte sie ihre Diploma f\u00fcr Kammermusik\/Korrepetition, Klavier (Gerhard Erber) und Klavierp\u00e4dagogik.<\/p>\n<p>Neben der klassischen Ausbildung vertiefte sie kontinuierlich ihre Studien der Stummfilmimprovisation (u.a. bei Tilo Augsten); 2006 folgte die Aufnahme in den Masterstudiengang Filmmusik Ludwigsburg. Bilder durch Klanglandschaften in Schwingung versetzen, um ihnen eine emotionale Dimension zu verleihen, entwickelte sich seither zur eigentlichen Leidenschaft der vielseitg versierten Pianistin, die Stummfilme \u201e<em>durch meisterhafte, selbst komponierte musikalische Begleitung gekonnt untermalt.\u201c (B.Sandner)<\/em>. Im Erfassen der atmosph\u00e4rischen Grundtonlage eines Films, im Ausarbeiten einer musikalischen Idee, die das Geschehen auf der Leinwand\u00a0 rhythmisch und harmonisch tr\u00e4gt, ist Sabine Zimmer ganz in ihrem Element.<\/p>\n<p>Seit 2015 spielt sie zusammen mit Hui Chun Lin (Cello) und Klaus Roth (Percussion) im experimentellen Trio-Ensemble \u201eTRANSFORMER\u201c, das sich ebenfalls der zeitgen\u00f6ssischen improvisierenden Stummfilmbegleitung verschrieben hat. Und 2017 gr\u00fcndet sie mit ihrer Partnerin Susanne Unger das Improvisations-Klavier-Duo \u201ePianoManie \u2013 4 H\u00e4nde, 2 K\u00f6pfe, 1 Klang\u201c. Au\u00dferdem konzertiert sie regelm\u00e4\u00dfig mit der Violinistin Uta Brandt\u00a0 im \u201eBrandt.Zimmer.duo\u201c mit einem breiten Repertoire von traditionell-romantischer Kammermusik, bis hin zu modernen Werken, u.a. aus der minimal music.<\/p>\n<p>Sabine Zimmer war ab 2008 als Dozentin an der Musikschule Berlin klavierp\u00e4dagogisch t\u00e4tig. Sie ist Mutter von drei Kindern und lebt in Berlin\/Kladow.<\/p>\n\n\n<hr class=\"wp-block-separator has-text-color has-background is-style-wide\" style=\"background-color:#f08d66;color:#f08d66\"\/>\n\n\n\n<p>The focus of Sabine Zimmer&#8217;s musical work is always on the unique moment \u2013 in the nationwide concerts of the improvisation ensemble \u2018TRANSFORMER\u2019 as well as in the duo \u2018PianoManie\u2019 or in the \u2018Brandt.Zimmer.duo\u2019 of the classical chamber musician. But the passion for absolute presence in the musical moment is especially pronounced in her improvised silent film scores: in the interaction between changing light effects on the screen. Throughout Germany Sabine Zimmer is a sought-after specialist within this genre, e.g. at the Silent Film Festival in Karlsruhe, at the Film Museums in Dusseldorf, Potsdam and in Berlin.<\/p>\n\n\n\n<p>Sabine Zimmer grows up in Torgau near Leipzig. Having only little relation to music at her parents&#8216; home, her first contact with the world of sound is an impressive awakening, a defining moment and at the same time a vocation. Even as a five-year-old she sings enthusiastically as the youngest in the children\u2019s radio choir and listening to the sound of the organ in a village church discovers her destiny: To make the world sound with a piano. At the age of nine she has her first piano lessons with Georg Frackowiak. Soon after she takes part in contests and wins first prizes, among others \u2018Jugend Musiziert\u2019 and the \u2018Chopin-Werkstatt\u2019 Leipzig. In 1994, already at the age of twelve, she is admitted as a youth student to the class promoting young talented musicians at the \u2018Academy for Music and Theater Felix Mendelssohn-Bartholdy\u2019 in Leipzig. Here she is specifically promoted by Prof. Gudrun Franke on piano and in the subject piano chamber music.<\/p>\n\n\n\n<p>At the same time Sabine Zimmer increasingly focuses on improvisation\/composition. Through the interplay between classical education and complete artistic freedom, she develops her very own personal view of playing the piano as \u2018making music\u2019: Being inseparable one with curiosity, dedication for the musical moment and passion for the unexpected. As a sixteen-year-old she performs concerts with the ensemble \u2018Impuls\u2019, also with her own compositions (\u2018Theatertage Leipzig\u2019 1998, \u2018Kulturfest Eisenach\u2019 and others). And in the medium of film the ambitious young pianist discovers another ideal partner: the moving pictures. Starting with \u2018Nosferatu\u2019 she records her first silent films at \u2018KAP-Kino Torgau\u2019 as a teenager.<\/p>\n\n\n\n<p>Sabine Zimmer completes her studies in music 2000-2006 at the \u2018Hochschule Felix Mendelssohn-Bartholdy\u2019 in Leipzig as well as at the \u2018Universit\u00e4t f\u00fcr Musik und darstellende Kunst\u2019 in Vienna (chamber music with Marialena Fernandez and Avedis Koujoumdijaan; song accompaniment with David Lutz). She also acquires important impulses from Karl-Peter Kammerlander (\u2018French song masterclass\u2019) and in 2005 at the chamber music masterclass in Br\u00fcnn. In 2006 she gets her diploma in chamber music\/correpetition, piano (Gerhard Erber) and piano education.<\/p>\n\n\n\n<p>In addition to her classical education, she continuously deepens her studies in silent movie improvisation (e.g. with Tilo Augsten). In 2006 she is admitted to the master\u2019s program \u2018Filmmusik Ludwigsburg\u2019. Setting images in vibration through soundscapes in order to give them an emotional dimension, has since then developed into the real passion of the experienced pianist. Her silent movies are \u201cskillfully painted with masterful, self-composed musical accompaniment\u201d (B. Sandner). In capturing the atmospheric foundation of a film, in elaborating a musical idea that rhythmically and harmoniously carries the events on the screen, Sabine Zimmer is completely in her element.<\/p>\n\n\n\n<p>Since 2015 she has been playing with Hui Chun Lin (Cello) and Klaus Roth (Percussion) in the experimental trio ensemble \u2018TRANSFORMER\u2019, which is also dedicated to the improvised accompaniment of contemporary silent movie. And in 2017 she forms the piano duo \u2018PianoManie \u2013 4 hands, 2 heads, 1 sound\u2019 with Susanne Unger. Besides that she regularly performs with violinist Uta Brandt in the \u2018Brandt.Zimmer.duo\u2019 with a broad repertoire from traditional romantic chamber music to modern works, among others from the minimal music.<\/p>\n\n\n\n<p>From 2008 Sabine Zimmer has worked as a teacher at the Music School Berlin. She lives in Berlin-Kladow with her family.<\/p>\n","protected":false},"excerpt":{"rendered":"<p>Im musikalischen Schaffen von Sabine Zimmer geht es immer um den einmaligen Moment \u2013\u00a0 im \u00fcberregional konzertierenden Improvisations-Ensemble \u201eTransformer\u201c oder der Duo-Formation \u201ePianoManie\u201c ebenso wie im \u201eBrandt-Zimmer-Duo\u201c der klassischen Kammermusikerin. Doch besonders ausgepr\u00e4gt kommt die Passion f\u00fcr die absolute Pr\u00e4senz im musikalischen Augenblick in ihren improvisierenden Stummfilm-Vertonungen zum Tragen: im Zusammenspiel mit bewegtem Licht auf [&hellip;]<\/p>\n","protected":false},"author":1,"featured_media":481,"parent":0,"menu_order":0,"comment_status":"closed","ping_status":"closed","template":"","meta":{"footnotes":""},"class_list":{"0":"post-486","1":"page","2":"type-page","3":"status-publish","4":"has-post-thumbnail","6":"entry"},"aioseo_notices":[],"jetpack_sharing_enabled":true,"_links":{"self":[{"href":"https:\/\/www.sabinezimmer.de\/index.php\/wp-json\/wp\/v2\/pages\/486","targetHints":{"allow":["GET"]}}],"collection":[{"href":"https:\/\/www.sabinezimmer.de\/index.php\/wp-json\/wp\/v2\/pages"}],"about":[{"href":"https:\/\/www.sabinezimmer.de\/index.php\/wp-json\/wp\/v2\/types\/page"}],"author":[{"embeddable":true,"href":"https:\/\/www.sabinezimmer.de\/index.php\/wp-json\/wp\/v2\/users\/1"}],"replies":[{"embeddable":true,"href":"https:\/\/www.sabinezimmer.de\/index.php\/wp-json\/wp\/v2\/comments?post=486"}],"version-history":[{"count":16,"href":"https:\/\/www.sabinezimmer.de\/index.php\/wp-json\/wp\/v2\/pages\/486\/revisions"}],"predecessor-version":[{"id":1368,"href":"https:\/\/www.sabinezimmer.de\/index.php\/wp-json\/wp\/v2\/pages\/486\/revisions\/1368"}],"wp:featuredmedia":[{"embeddable":true,"href":"https:\/\/www.sabinezimmer.de\/index.php\/wp-json\/wp\/v2\/media\/481"}],"wp:attachment":[{"href":"https:\/\/www.sabinezimmer.de\/index.php\/wp-json\/wp\/v2\/media?parent=486"}],"curies":[{"name":"wp","href":"https:\/\/api.w.org\/{rel}","templated":true}]}}