{"id":993,"date":"2020-06-18T13:34:26","date_gmt":"2020-06-18T11:34:26","guid":{"rendered":"https:\/\/www.sabinezimmer.de\/?page_id=993"},"modified":"2020-08-03T17:36:28","modified_gmt":"2020-08-03T15:36:28","slug":"duo-rasa","status":"publish","type":"page","link":"https:\/\/www.sabinezimmer.de\/index.php\/duo-rasa\/","title":{"rendered":"Duo RaSa"},"content":{"rendered":"\n<p class=\"has-text-align-left\">Ein Saxophon und ein Fl\u00fcgel begegnen einander im scheinbar frei flottierenden musikalischen Dialog. Mit leichter Hand l\u00e4sst das Berliner Duo RaSa in seinen fein komponierten St\u00fccken und improvisierten Sets ein Gewebe von gro\u00dfer atmosph\u00e4rischer Dichte und rhythmischer Pr\u00e4zision entstehen, das sich in immer neuen, wundersam wandelbaren Klanglandschaften entfaltet. Spontan hin und her fliegende Motive flie\u00dfen \u00fcber in dichte Stimmungsbilder und verf\u00fchren das Ohr, das unversehens in fremdartige Gefilde eintaucht, wo Unerh\u00f6rtes h\u00f6rbar wird &#8230; Die Pianistin Sabine Zimmer und der Saxophonist Raffael Kircher erg\u00e4nzen einander dabei kongenial und brillieren in ihrem Zusammenspiel mit unbestechlicher Intuition f\u00fcr die wesentliche Klangqualit\u00e4t ihrer unterschiedlichen Instrumente.<\/p>\n\n\n\n<figure class=\"wp-block-embed-youtube wp-block-embed is-type-video is-provider-youtube wp-embed-aspect-16-9 wp-has-aspect-ratio\"><div class=\"wp-block-embed__wrapper\">\n<span class=\"embed-youtube\" style=\"text-align:center; display: block;\"><iframe loading=\"lazy\" class=\"youtube-player\" width=\"800\" height=\"450\" src=\"https:\/\/www.youtube.com\/embed\/TE2rp1_jzNw?version=3&#038;rel=1&#038;showsearch=0&#038;showinfo=1&#038;iv_load_policy=1&#038;fs=1&#038;hl=de-DE&#038;autohide=2&#038;wmode=transparent\" allowfullscreen=\"true\" style=\"border:0;\" sandbox=\"allow-scripts allow-same-origin allow-popups allow-presentation allow-popups-to-escape-sandbox\"><\/iframe><\/span>\n<\/div><figcaption>ein live Mitschnitt aus der Passionskirche Berlin (2018)<\/figcaption><\/figure>\n\n\n\n<div class=\"wp-block-buttons alignright is-layout-flex wp-block-buttons-is-layout-flex\">\n<div class=\"wp-block-button\"><a class=\"wp-block-button__link has-background has-very-light-gray-background-color\" href=\"https:\/\/www.sabinezimmer.de\/index.php\/ensembles\/\"><span style=\"color:#f08d66\" class=\"has-inline-color\">zur\u00fcck \/ back<\/span><\/a><\/div>\n<\/div>\n","protected":false},"excerpt":{"rendered":"<p>Ein Saxophon und ein Fl\u00fcgel begegnen einander im scheinbar frei flottierenden musikalischen Dialog. Mit leichter Hand l\u00e4sst das Berliner Duo RaSa in seinen fein komponierten St\u00fccken und improvisierten Sets ein Gewebe von gro\u00dfer atmosph\u00e4rischer Dichte und rhythmischer Pr\u00e4zision entstehen, das sich in immer neuen, wundersam wandelbaren Klanglandschaften entfaltet. Spontan hin und her fliegende Motive flie\u00dfen [&hellip;]<\/p>\n","protected":false},"author":1,"featured_media":0,"parent":0,"menu_order":0,"comment_status":"closed","ping_status":"closed","template":"","meta":{"footnotes":""},"class_list":{"0":"post-993","1":"page","2":"type-page","3":"status-publish","5":"entry"},"aioseo_notices":[],"jetpack_sharing_enabled":true,"_links":{"self":[{"href":"https:\/\/www.sabinezimmer.de\/index.php\/wp-json\/wp\/v2\/pages\/993","targetHints":{"allow":["GET"]}}],"collection":[{"href":"https:\/\/www.sabinezimmer.de\/index.php\/wp-json\/wp\/v2\/pages"}],"about":[{"href":"https:\/\/www.sabinezimmer.de\/index.php\/wp-json\/wp\/v2\/types\/page"}],"author":[{"embeddable":true,"href":"https:\/\/www.sabinezimmer.de\/index.php\/wp-json\/wp\/v2\/users\/1"}],"replies":[{"embeddable":true,"href":"https:\/\/www.sabinezimmer.de\/index.php\/wp-json\/wp\/v2\/comments?post=993"}],"version-history":[{"count":10,"href":"https:\/\/www.sabinezimmer.de\/index.php\/wp-json\/wp\/v2\/pages\/993\/revisions"}],"predecessor-version":[{"id":1337,"href":"https:\/\/www.sabinezimmer.de\/index.php\/wp-json\/wp\/v2\/pages\/993\/revisions\/1337"}],"wp:attachment":[{"href":"https:\/\/www.sabinezimmer.de\/index.php\/wp-json\/wp\/v2\/media?parent=993"}],"curies":[{"name":"wp","href":"https:\/\/api.w.org\/{rel}","templated":true}]}}